e 2/4 + 108/(-72). Is ((-32)/(-64))/(t/(-10822)) composite?
True
Suppose -35 = 5*a - 0*a. Suppose -3*n + 4*s + 385 = 0, 0*s - 2*s = 2*n - 238. Is n*(5/3 + (-8 - a)) a composite number?
True
Let p(a) = 17*a**2 - 6*a + 26. Let s be ((-20)/(-8))/(3/18). Is p(s) a composite number?
False
Let i = 17431 + 251410. Is i a composite number?
False
Let d be 3004 + (-24 + 0)/6. Suppose -6*l + d + 1218 = 0. Is l a prime number?
False
Suppose -186 - 6 = -4*f. Suppose f = 12*t - 72. Suppose t*z - 13259 = -4639. Is z a prime number?
False
Suppose -979813 = -11*k - 173436. Suppose -14636 - 34222 = -2*z + 4*g, 0 = -3*z - 4*g + k. Is z a composite number?
True
Suppose 6263 - 103521 = -14*i. Let s = i + -2318. Is s a prime number?
False
Let f = 76 + -55. Suppose j = -5*m + f, -2*m = j - 5*m + 3. Is ((104/12)/2)/(2/j) composite?
False
Let x(l) = l**3 + 100*l**2 - 409*l - 21. Is x(-98) composite?
True
Suppose l - 7*f - 12 = -10*f, 3*l - 4*f - 23 = 0. Suppose 4*v + 168454 = l*v + z, v - 33686 = -5*z. Is v prime?
False
Suppose -5*i = -2*c, 0*c + 3*i = 2*c. Suppose 2*r - 97849 = -5*v, -5*v + 3*r + 0*r + 97864 = c. Is v a composite number?
False
Is 9831764/132 + (-10)/165 a composite number?
True
Let s = 1031490 + -696761. Is s a prime number?
False
Let i = 256 + -148. Let f = 111 - i. Suppose -4*r - f*h = -725, -3*h - 243 - 142 = -2*r. Is r prime?
False
Suppose a + 2*r - 15 = 0, 0*a + 3*a + 2*r - 25 = 0. Suppose 13069 = 4*m + a*l, 18713 - 2349 = 5*m - 3*l. Is m a composite number?
False
Let b be 3*45/10*(-4)/(-6). Suppose b*k = 17*k - 3752. Is k composite?
True
Suppose z + 22 = 5*n, z + 9 + 3 = 3*n. Let l = -3 + z. Suppose l*r - 1266 = -2*y - 4*r, 0 = y + 3*r - 635. Is y a prime number?
False
Let w(u) = -29*u**3 - 7*u**2 + 126*u + 506. Is w(-30) prime?
False
Suppose 2*o = 2*x - 468 - 114, 5*x - 2*o - 1446 = 0. Let z be x/(-21) + 4 - 2/7. Is 4/z + ((-2828)/(-20) - 0) composite?
True
Suppose -8 + 0 = -f. Suppose 0 = 4*n - f, -2*m + 3*n + 4 = -4. Suppose -4*p = -m*p + 1761. Is p composite?
False
Suppose 5*w = 13*w + 16. Is ((-8965)/10 - 4)*(w - 0) prime?
True
Let b(v) = 97*v**2 + 15146*v - 15150*v - 27 + 17*v**2. Is b(-6) prime?
False
Suppose 2*g = -4*r - r + 3730, -1865 = -g - r. Suppose -3*t - 15 = 0, q - 6*q + 3*t = -g. Let v = 333 + q. Is v a prime number?
False
Let l be (-2 - -2) + (-111)/3. Let s = 46 + l. Suppose s = -z + 596. Is z prime?
True
Suppose p + 5 = -5*b, -15*p - 20 = -11*p - 4*b. Is (-695 - p - -7)*-1 prime?
True
Suppose 3*p = -3*i + 884673, -4*i + 15*p + 1179564 = 17*p. Is i composite?
True
Suppose -151*g - 85*g + 6054737 = -15*g. Is g composite?
False
Suppose -5*h - 20*h + 10312061 = -99764. Is h prime?
True
Let h be 10/2*(-18)/(-30). Suppose -h*t + 4*f + 15433 = 0, -9 = -4*t - 3*f + 20585. Is t prime?
True
Let s(u) = 43*u**2 - 8*u + 2. Let x be s(1). Let g(p) = 9*p**2 + 42*p + 26. Is g(x) composite?
False
Let d(w) = -102*w - 31. Suppose -2*g + 2*q = -26, -3*q = -4*g + 87 - 36. Suppose -40 = -2*v + g*v. Is d(v) a prime number?
False
Let b = -435667 + 698790. Is b prime?
False
Suppose l = g - 64853, -6*g + 13*g - 453935 = -2*l. Is g prime?
True
Suppose -30*o + 618 = -102. Let w(x) = x**3 - 22*x**2 - 18*x - 19. Is w(o) composite?
False
Suppose 5*t = -5*w + 3*t - 100, 2*w - 2*t + 54 = 0. Let h(j) = -j - 22. Let l be h(w). Let y(d) = -2*d**2 - d + 1255. Is y(l) a prime number?
False
Is (-3)/(9*(-1)/6)*(-292507)/(-2) prime?
False
Let u = -10 + 16. Suppose 0 - u = -k. Suppose -521 = -7*m + k*m. Is m composite?
False
Let l = -1705 + 2948. Let d = 18710 - l. Is d a composite number?
False
Let j(s) = -26328*s + 6515. Is j(-9) a composite number?
True
Suppose 8*r + 12*r = 3580. Let h = 586 - r. Is h a prime number?
False
Let s = 124574 - 32871. Is s composite?
False
Is (-4)/(-62) + 361232166/9362 a composite number?
True
Suppose 0 = -39*u + 74 + 43. Suppose 45*x = u*x + 347046. Is x prime?
True
Suppose 7580073 = 115*a - 21652582. Is a composite?
False
Let h(r) = 30*r**3 - 33*r**2 + 47*r - 439. Is h(30) a prime number?
True
Suppose 5*n - 25396 = -2*s, 5*n - 17 = 3. Suppose -4*v + s = -4*t - 3228, 2*v - 7956 = t. Is v a composite number?
True
Let t = 49335 + -18272. Is t a composite number?
False
Suppose -1797402 = -2*q + f, -2*f - 569636 = -q + 329071. Is q composite?
True
Let p = 6 + -1. Let w be (-4 + 4 - -7) + 8. Suppose 0 = p*h - w, -3*c + 5*c = -2*h + 448. Is c a composite number?
True
Suppose -5*n + 19 + 6 = 0. Let w(z) = -12 + n*z**2 + 3*z + 9*z - 15. Is w(-10) a prime number?
True
Let v be -2*5665/20 - 6/(-4). Let y = -210 - v. Suppose 28*j - 27*j - y = 0. Is j a composite number?
True
Suppose 0 = 3*y + p - 26929, 2*y = -2*p + 4*p + 17966. Let d = 205 + y. Is d a composite number?
True
Let h be (-4458)/((-5 + 4)/(2/3)). Suppose -19*a = -17*a - h. Is a*((-4 + 2)*-1)/4 a prime number?
True
Let p(t) = 3*t**2 - 8*t + 67. Let o(j) = 4*j**2 - 12*j + 100. Let l(z) = 5*o(z) - 7*p(z). Let n be l(-7). Suppose -2*r - n + 948 = 0. Is r composite?
True
Let g = -314692 - -542961. Is g a composite number?
True
Let y(s) = -2*s**2 - 2*s + 4. Let t be y(0). Suppose -t = 3*k + 5*r, 3*k - 4*k - 3*r = 4. Suppose 5*q = 2*j - 170, k*j + q - 150 = 20. Is j prime?
False
Is 162694575/1080 + (-1)/8 composite?
True
Suppose 42*p + 652194 + 456941 = 47*p. Is p composite?
False
Let j = -460 + 1270. Suppose 21414 + j = 4*q. Let v = q + -2179. Is v composite?
True
Is ((-35)/(-63))/5*777603 + 6/9 a composite number?
True
Let k = 303 + -278. Let t(r) = 25*r**2 - 29*r + 173. Is t(k) a composite number?
False
Suppose 0 = 3*y + n - 1405567, y + 468509 = 2*y - 3*n. Suppose -60*q - y = -79*q. Is q a prime number?
True
Let a be (-19266)/(-3) - (0 - 3). Suppose -19*p - a = -24*p. Is p composite?
True
Suppose 3*q = 2*o + 2*o - 439, 4*o = 5*q + 441. Suppose -o*t - 12921 = -112*t. Is t prime?
False
Suppose -2*p + 4*q - 27310 = 0, 2*q - 72679 = 4*p - 18047. Let i = 20610 + p. Suppose -i = 4*z - 11*z. Is z a prime number?
False
Let i(j) = -471949*j**3 - 4*j**2 + 4*j + 8. Is i(-1) composite?
False
Is (-578001)/12*7/((-7)/4) a prime number?
True
Suppose -3*c = -n + 124867, -5*c - 163633 = -5*n + 460742. Is n a prime number?
False
Let x be (-36)/(-30) + 27/15. Suppose -60424 = -4*j + x*i, -4*j - 5*i = -60553 + 97. Is j a prime number?
False
Let o(n) = -182*n**3 - 5*n**2 + 4*n + 8. Is o(-5) composite?
False
Let b = 209271 - -16792. Is b composite?
False
Is -26 - 7623/(-294) - 332166/(-28) prime?
True
Let d(x) = 3*x**2 - 3*x - 2. Let s be d(-1). Let a be 8*s/8 + 1. Suppose -a*f + 2*o + 3151 = 0, -f = -5*f - 3*o + 2530. Is f composite?
False
Suppose b - 110218 = l, -2*b - 4*l + 271528 = 51074. Is b prime?
True
Suppose -490*b - 699063 = -493*b. Is b a composite number?
False
Let n(a) = -103832*a**3 - 47*a**2 + 10*a + 13. Is n(-2) a prime number?
False
Let c = 566 + -394. Let z = 408 - c. Suppose 0 = -a + z - 21. Is a prime?
False
Let m = -50515 + 112976. Is m composite?
True
Suppose -16 = -4*m - 0*m. Suppose -4*c + 6*c + 68 = -m*q, 4*q - 5*c = -82. Is (-2 - -88)/1*(-207)/q prime?
False
Is (78201*(-4)/48)/((-3)/68) composite?
True
Is -7 + 93844 - (11 + -1) a prime number?
True
Is -4 + (-2 + 6)/(-1) + (14 - -413623) composite?
False
Let s(w) = -9*w + 22. Let u be s(2). Is (0 + 6598/u)*(-142 + 144) a composite number?
False
Let r(h) = 28*h - 70. Let x be r(4). Suppose -2*k - x = -v + 215, -k - 786 = -3*v. Is v composite?
False
Let i(w) = -w**2 - 6*w - 6. Let b be i(-4). Suppose -3*k + 18355 = b*k. Is k a prime number?
True
Let u = 631315 - 335378. Is u composite?
False
Let a be (-2813)/(-9)*121 - (-56)/(-252). Suppose 5*t - 4*j - a = 0, 4*t + 5*j = 14055 + 16192. Is t prime?
False
Let k(a) = 7*a + 37. Let r be k(-9). Let g = r - -34. Is (1 + g/(-6))*(1 + -118) prime?
False
Let w(f) = -29 - f + 4*f - 4*f - 2*f. Let s be w(-10). Is (-8 - -9)/(s/149) a composite number?
False
Let n be (-4 - 19)*(-2 - -178). Let s = 6681 + n. Is s composite?
False
Suppose 0 = -j + 2*q + 2, 3*j - 3*q - 12 = -6. Suppose -j*a = 5*s - 26806, -5*a + 3*s = 8*s - 66985. Is a a composite number?
True
Suppose 27*v + 7816958 = 106*v + 63*v. Is v a composite number?
False
Suppose 9*t = 2*q + 10*t - 27, -5*t + 23 = 2*q. Suppose q*p - 48494 - 15920 = 0. Is p a composite number?
True
Suppose 5*g + 2*t = 4*t + 42, 2*g - 8 = 3*t. Is (-2 - (-